f 2953676?
False
Does 2 divide 2109039?
False
Does 12 divide 19745920?
False
Is 2512260 a multiple of 51?
True
Does 415 divide 526635?
True
Is 1546935 a multiple of 7?
False
Is 11 a factor of 57193?
False
Is 67 a factor of 1029388?
True
Is 2287729 a multiple of 185?
False
Is 7341438 a multiple of 798?
False
Does 4 divide 1566200?
True
Is 5 a factor of 125773?
False
Is 67 a factor of 114076?
False
Does 244 divide 1393484?
True
Is 55 a factor of 312354?
False
Is 440412 a multiple of 19?
False
Is 18 a factor of 4655340?
True
Does 34 divide 1055572?
False
Does 1297 divide 9333212?
True
Is 10 a factor of 349222?
False
Does 11 divide 5318269?
True
Is 164 a factor of 1201464?
True
Is 2423075 a multiple of 515?
True
Does 1110 divide 2799420?
True
Is 13 a factor of 203918?
True
Is 7448 a multiple of 44?
False
Is 1166532 a multiple of 9?
False
Is 620864 a multiple of 103?
False
Does 380 divide 2843160?
True
Is 1239161 a multiple of 847?
True
Is 16 a factor of 957902?
False
Is 2806186 a multiple of 19?
True
Is 18687756 a multiple of 14?
False
Is 220 a factor of 264000?
True
Is 10847914 a multiple of 77?
True
Is 7104231 a multiple of 19?
False
Is 17066373 a multiple of 1559?
True
Is 5449818 a multiple of 33?
True
Is 13 a factor of 26205?
False
Does 28 divide 13585531?
False
Is 4 a factor of 1619215?
False
Is 793 a factor of 15242253?
True
Is 303557 a multiple of 123?
False
Is 60242 a multiple of 2?
True
Does 71 divide 11913516?
True
Is 696674 a multiple of 23?
False
Does 468 divide 717912?
True
Is 38 a factor of 1541090?
True
Does 37 divide 98087?
True
Does 69 divide 1375116?
False
Is 65 a factor of 5459740?
True
Does 808 divide 6392088?
True
Is 909979 a multiple of 343?
True
Is 185958 a multiple of 175?
False
Is 7643040 a multiple of 160?
True
Is 86570 a multiple of 21?
False
Is 8103518 a multiple of 186?
False
Does 12 divide 280212?
True
Is 2729540 a multiple of 95?
True
Does 56 divide 15727109?
False
Is 8 a factor of 1121685?
False
Does 561 divide 1027771?
False
Is 17 a factor of 15937075?
True
Does 2 divide 366?
True
Does 468 divide 441205?
False
Does 173 divide 21079?
False
Is 162976 a multiple of 22?
True
Is 72093 a multiple of 37?
False
Is 3946200 a multiple of 120?
True
Is 37279 a multiple of 29?
False
Does 123 divide 735860?
False
Is 1391807 a multiple of 323?
True
Does 277 divide 212736?
True
Does 436 divide 115120?
False
Is 272 a factor of 59024?
True
Is 382900 a multiple of 547?
True
Does 133 divide 20835780?
True
Is 12 a factor of 1099249?
False
Is 340850 a multiple of 10?
True
Is 6 a factor of 27336?
True
Is 993395 a multiple of 377?
True
Does 35 divide 172937?
False
Is 18 a factor of 203778?
True
Is 744675 a multiple of 31?
False
Does 24 divide 452157?
False
Is 158 a factor of 3746180?
True
Is 31 a factor of 84413?
True
Is 94093 a multiple of 162?
False
Is 38 a factor of 1108810?
False
Is 26 a factor of 104014?
False
Is 1114 a factor of 4608618?
True
Does 37 divide 12602274?
True
Is 120107 a multiple of 25?
False
Is 147 a factor of 8336594?
False
Does 15 divide 168610?
False
Is 188 a factor of 158860?
True
Does 179 divide 240218?
True
Does 158 divide 7248109?
False
Is 363 a factor of 6282441?
True
Is 2107952 a multiple of 61?
False
Does 53 divide 412197?
False
Is 4706994 a multiple of 11?
False
Does 84 divide 5603762?
False
Does 2 divide 3833?
False
Is 744195 a multiple of 369?
False
Is 68 a factor of 311032?
True
Is 33 a factor of 42108?
True
Is 58 a factor of 2198606?
True
Does 143 divide 250832?
False
Is 811552 a multiple of 58?
False
Is 2 a factor of 5018?
True
Is 1121268 a multiple of 53?
True
Does 17 divide 97871?
False
Is 10080891 a multiple of 280?
False
Does 2 divide 139741?
False
Is 21 a factor of 5368125?
True
Is 19 a factor of 540461?
False
Does 878 divide 14197195?
False
Does 9 divide 123548?
False
Does 558 divide 936531?
False
Is 83421 a multiple of 114?
False
Is 6051024 a multiple of 828?
True
Does 13 divide 54977?
True
Is 835 a factor of 6340125?
False
Does 48 divide 122784?
True
Is 97 a factor of 442540?
False
Is 240854 a multiple of 12?
False
Does 230 divide 21942690?
True
Is 292080 a multiple of 37?
False
Is 424920 a multiple of 20?
True
Is 524012 a multiple of 4?
True
Is 20736 a multiple of 7?
False
Does 5 divide 5018?
False
Is 88020 a multiple of 9?
True
Is 106857 a multiple of 77?
False
Does 159 divide 322770?
True
Does 13 divide 32318?
True
Is 717807 a multiple of 309?
True
Is 47382 a multiple of 76?
False
Is 118067 a multiple of 62?
False
Does 103 divide 78177?
True
Is 88 a factor of 256978?
False
Does 66 divide 35838?
True
Does 7 divide 1152081?
True
Is 607 a factor of 5562548?
True
Does 188 divide 141940?
True
Is 236505 a multiple of 5?
True
Is 291442 a multiple of 26?
False
Is 5562 a multiple of 27?
True
Is 15 a factor of 227400?
True
Is 1670548 a multiple of 167?
False
Is 138 a factor of 18349407?
False
Is 7106211 a multiple of 32?
False
Is 71 a factor of 91590?
True
Does 134 divide 1321642?
True
Is 443133 a multiple of 9?
True
Does 19 divide 725287?
True
Is 279967 a multiple of 191?
False
Is 470089 a multiple of 16?
False
Is 1600 a factor of 15120389?
False
Does 400 divide 1569993?
False
Does 10 divide 45407?
False
Is 2 a factor of 76926?
True
Is 15 a factor of 242139?
False
Is 425 a factor of 880600?
True
Is 4593411 a multiple of 187?
False
Does 56 divide 23248?
False
Is 35 a factor of 83730?
False
Does 4 divide 1427844?
True
Does 14 divide 336700?
True
Is 186036 a multiple of 148?
True
Is 69621 a multiple of 22?
False
Is 403 a factor of 26840?
False
Is 1688999 a multiple of 751?
True
Is 249458 a multiple of 187?
True
Does 22 divide 51803?
False
Does 659 divide 570035?
True
Is 4106814 a multiple of 976?
False
Is 154498 a multiple of 24?
False
Does 21 divide 45571?
False
Is 1469073 a multiple of 228?
False
Does 10 divide 24096?
False
Does 40 divide 193492?
False
Is 43753 a multiple of 149?
False
Does 380 divide 1945600?
True
Is 196 a factor of 992348?
True
Does 355 divide 460558?
False
Is 8477 even?
False
Is 15 a factor of 950625?
True
Does 133 divide 228078?
False
Is 271 a factor of 886034?
False
Is 113967 a multiple of 155?
False
Does 9 divide 60521?
False
Is 124488 a multiple of 34?
False
Is 214 a factor of 357166?
True
Is 2658336 a multiple of 96?
True
Is 9 a factor of 39690?
True
Is 13 a factor of 534183?
True
Is 203 a factor of 9829057?
True
Is 153 a factor of 37255?
False
Does 108 divide 1162823?
False
Does 183 divide 64414?
False
Is 58 a factor of 89378?
True
Does 267 divide 803401?
False
Is 343 a factor of 3263731?
False
Is 75 a factor of 1568925?
True
Is 1581120 a multiple of 864?
True
Is 508899 a multiple of 69?
False
Is 230742 a multiple of 26?
False
Is 429668 a multiple of 163?
True
Is 261 a factor of 36809?
False
Is 44 a factor of 76560?
True
Is 329 a factor of 17746589?
True
Is 118793 a multiple of 197?
False
Does 14 divide 2910220?
False
Does 15 divide 30837750?
True
Does 1331 divide 2792642?
False
Is 12461540 a multiple of 9?
False
Does 17 divide 330801?
False
Is 4 a factor of 2404085?
False
Is 108576 a multiple of 208?
True
Does 3 divide 641068?
False
Is 90310 a multiple of 55?
True
Does 276 divide 86664?
True
Does 44 divide 314688?
True
Is 3873940 a multiple of 938?
True
Is 2884694 a multiple of 651?
False
Is 183096 a multiple of 17?
False
Is 10 a factor of 256241?
False
Does 16 divide 23921?
False
Does 11 divide 498509?
True
Is 11348735 a multiple of 632?
False
Is 3714282 a multiple of 117?
True
Is 916719 a multiple of 257?
True
Is 255164 a multiple of 91?
True
Is 52650 a multiple of 351?
True
Does 29 divide 2318753?
True
Is 20901 a multiple of 3?
True
Is 1576 a factor of 808462?
False
Is 4 a factor of 884616?
True
Is 311456 a multiple of 249?
False
Is 20 a factor of 130300?
True
Is 917 a factor of 5401130?
True
Does 322 divide 804073?
False
Is 2175690 a multiple of 38?
True
Is 5702428 a multiple of 18?
False
Is 108 a factor of 4887000?
True
Is 29700 a multiple of 46?
False
Does 406 divide 4589884?
False
Is 86 a factor of 11290940?
True
Is 1293398 a multiple of 1286?
False
Does 1262 divide 6535461?
False
Is 2245 a factor of 389691?
False
Does 10 divide 42732?
False
Is 255 a factor of 96326?
False
Is 106 a factor of 207119?
False
Is 405768 a multiple of 106?
True
Is 108765 a multiple of 1